ime factors of 711453.
3, 237151
List the prime factors of 4877513.
4877513
List the prime factors of 2725.
5, 109
What are the prime factors of 19937281?
7, 13, 219091
What are the prime factors of 744?
2, 3, 31
List the prime factors of 3576623.
379, 9437
List the prime factors of 23331506.
2, 11, 19, 55817
List the prime factors of 883781.
883781
List the prime factors of 365158.
2, 182579
List the prime factors of 348544.
2, 7, 389
List the prime factors of 10641094.
2, 97, 54851
What are the prime factors of 11569?
23, 503
What are the prime factors of 390208?
2, 7, 13, 67
What are the prime factors of 555145?
5, 111029
What are the prime factors of 134958?
2, 3, 83, 271
What are the prime factors of 8972106?
2, 3, 11, 13, 10457
List the prime factors of 328417.
23, 109, 131
List the prime factors of 1424308.
2, 356077
List the prime factors of 621553.
521, 1193
List the prime factors of 208245.
3, 5, 13883
What are the prime factors of 2103098?
2, 1051549
What are the prime factors of 177448?
2, 41, 541
List the prime factors of 79776.
2, 3, 277
What are the prime factors of 197892?
2, 3, 23, 239
What are the prime factors of 41732?
2, 10433
What are the prime factors of 9534004?
2, 2383501
List the prime factors of 1966144.
2, 31, 991
List the prime factors of 468778.
2, 47, 4987
List the prime factors of 642944.
2, 5023
What are the prime factors of 4934291?
4934291
List the prime factors of 1566129.
3, 223, 2341
What are the prime factors of 83971?
131, 641
What are the prime factors of 572989?
103, 5563
List the prime factors of 458771.
149, 3079
What are the prime factors of 662785?
5, 71, 1867
What are the prime factors of 10355871?
3, 29, 119033
What are the prime factors of 9646676?
2, 13, 29, 6397
List the prime factors of 2443265.
5, 11, 31, 1433
What are the prime factors of 145725?
3, 5, 29, 67
List the prime factors of 126410.
2, 5, 12641
List the prime factors of 8747.
8747
What are the prime factors of 1002590?
2, 5, 107, 937
List the prime factors of 101146.
2, 103, 491
What are the prime factors of 3991629?
3, 173, 7691
List the prime factors of 154486.
2, 77243
List the prime factors of 197720.
2, 5, 4943
What are the prime factors of 8414887?
13, 191, 3389
What are the prime factors of 459533?
193, 2381
What are the prime factors of 1768952?
2, 17, 13007
List the prime factors of 3634411.
11, 163, 2027
What are the prime factors of 40866?
2, 3, 7, 139
List the prime factors of 178678.
2, 41, 2179
What are the prime factors of 435593?
435593
List the prime factors of 324586.
2, 162293
List the prime factors of 6733759.
1039, 6481
What are the prime factors of 9599054?
2, 179, 26813
What are the prime factors of 325726?
2, 23, 73, 97
List the prime factors of 35328.
2, 3, 23
List the prime factors of 757776.
2, 3, 15787
List the prime factors of 33074.
2, 23, 719
List the prime factors of 3191111.
7, 11, 41443
List the prime factors of 3221518.
2, 23, 59, 1187
List the prime factors of 1632649.
1632649
What are the prime factors of 131139?
3, 1619
List the prime factors of 119682.
2, 3, 61, 109
List the prime factors of 699000.
2, 3, 5, 233
List the prime factors of 289488.
2, 3, 37, 163
List the prime factors of 34465.
5, 61, 113
What are the prime factors of 2392284?
2, 3, 199357
List the prime factors of 1164989.
7, 47, 3541
List the prime factors of 272375.
5, 2179
What are the prime factors of 55758?
2, 3, 9293
What are the prime factors of 26007?
3, 8669
What are the prime factors of 3531799?
31, 59, 1931
List the prime factors of 1592573.
1592573
What are the prime factors of 5680877?
5680877
What are the prime factors of 139361?
139361
What are the prime factors of 5264218?
2, 113, 23293
What are the prime factors of 12792587?
139, 92033
What are the prime factors of 12245707?
12245707
List the prime factors of 242477.
43, 5639
List the prime factors of 718234.
2, 11, 32647
List the prime factors of 3669995.
5, 7, 23, 47, 97
What are the prime factors of 14685505?
5, 53, 151, 367
What are the prime factors of 800301?
3, 266767
List the prime factors of 9424516.
2, 2356129
List the prime factors of 2434931.
2434931
List the prime factors of 602744.
2, 59, 1277
What are the prime factors of 116347?
7, 11, 1511
List the prime factors of 99211.
7, 14173
What are the prime factors of 224743?
224743
List the prime factors of 1581288.
2, 3, 41, 1607
List the prime factors of 2610046.
2, 227, 5749
List the prime factors of 911112.
2, 3, 37963
List the prime factors of 255833.
17, 101, 149
List the prime factors of 408318.
2, 3, 68053
List the prime factors of 6629222.
2, 641, 5171
What are the prime factors of 942844?
2, 7, 151, 223
List the prime factors of 16483620.
2, 3, 5, 43, 6389
List the prime factors of 300223.
7, 11, 557
What are the prime factors of 922552?
2, 115319
What are the prime factors of 151077?
3, 50359
What are the prime factors of 178623?
3, 89, 223
List the prime factors of 3775658.
2, 43, 1021
List the prime factors of 2375606.
2, 1187803
List the prime factors of 1612655.
5, 11, 109, 269
List the prime factors of 662386.
2, 227, 1459
What are the prime factors of 177277?
29, 6113
What are the prime factors of 16266429?
3, 233, 7757
List the prime factors of 2556445.
5, 511289
What are the prime factors of 20299715?
5, 41, 99023
What are the prime factors of 17602913?
29, 606997
List the prime factors of 146128.
2, 9133
What are the prime factors of 587282?
2, 17, 23, 751
List the prime factors of 744161.
11, 67651
List the prime factors of 589287.
3, 196429
List the prime factors of 236885.
5, 11, 59, 73
What are the prime factors of 18766?
2, 11, 853
List the prime factors of 25512.
2, 3, 1063
List the prime factors of 4011313.
4011313
What are the prime factors of 143780?
2, 5, 7, 13, 79
What are the prime factors of 1416204?
2, 3, 31, 47
What are the prime factors of 209593?
17, 12329
What are the prime factors of 407470?
2, 5, 7, 5821
List the prime factors of 4950913.
11, 450083
What are the prime factors of 1888391?
19, 5231
List the prime factors of 1445301.
3, 11, 13, 1123
List the prime factors of 1035337.
89, 11633
What are the prime factors of 188698?
2, 94349
What are the prime factors of 21219295?
5, 19, 223361
List the prime factors of 96733.
7, 13, 1063
List the prime factors of 5611617.
3, 11, 5153
What are the prime factors of 3157980?
2, 3, 5, 7, 73, 103
List the prime factors of 972539.
487, 1997
What are the prime factors of 282798?
2, 3, 5237
What are the prime factors of 23131653?
3, 109, 127, 557
List the prime factors of 10529885.
5, 17, 73, 1697
List the prime factors of 1095794.
2, 7, 29, 2699
List the prime factors of 4332747.
3, 1444249
List the prime factors of 4079932.
2, 17, 59999
What are the prime factors of 1582532?
2, 7, 56519
What are the prime factors of 14568356?
2, 11, 331099
List the prime factors of 681105.
3, 5, 17, 2671
What are the prime factors of 3682563?
3, 43, 28547
List the prime factors of 72211.
72211
What are the prime factors of 3637055?
5, 59, 12329
What are the prime factors of 1203901?
1203901
List the prime factors of 10813068.
2, 3, 7, 14303
List the prime factors of 1898408.
2, 237301
What are the prime factors of 14626339?
7, 13, 97, 1657
What are the prime factors of 10618374?
2, 3, 13, 136133
What are the prime factors of 20164981?
20164981
What are the prime factors of 492944?
2, 30809
What are the prime factors of 4107857?
13, 19, 16631
List the prime factors of 1624308.
2, 3, 7, 61, 317
List the prime factors of 1205269.
13, 23, 29, 139
What are the prime factors of 1517300?
2, 5, 15173
What are the prime factors of 225297?
3, 25033
What are the prime factors of 877992?
2, 3, 36583
List the prime factors of 491158.
2, 241, 1019
What are the prime factors of 11512308?
2, 3, 41, 23399
What are the prime factors of 1790838?
2, 3, 7, 61, 233
What are the prime factors of 733224?
2, 3, 137, 223
List the prime factors of 165078.
2, 3, 1019
List the prime factors of 18920003.
18920003
List the prime factors of 22975856.
2, 47, 30553
List the prime factors of 403154.
2, 201577
List the prime factors of 167123.
11, 15193
List the prime factors of 40101001.
19, 2110579
What are the prime factors of 197999?
17, 19, 613
List the prime fact